38*g**2 - 39*g**2 + 0*g. Let v be f(6). Let z be v/(-5) - -1*42. What is the greatest common factor of 10 and z?
10
Let z(k) = -k**3 + 9*k**2 + 11*k - 6. Let x be z(10). Suppose x*l + 25 - 145 = 0. Let v = 34 - l. What is the highest common divisor of 16 and v?
4
Suppose 137*w - 147*w = -770. Calculate the highest common factor of w and 11.
11
Let n = -101 + 153. Suppose 3 = 5*r - n. Let x = -1680 + 1691. Calculate the greatest common factor of x and r.
11
Suppose -376*i + 373*i + 306 = 0. What is the greatest common divisor of i and 68?
34
Let k be 3981/12 + 3/12. Suppose 4*w + 5*r - 311 = 111, 0 = -3*w + 4*r + k. Let v = w + -72. What is the highest common factor of v and 4?
4
Suppose 9*p + 0*p - 684 = 0. Calculate the greatest common factor of 608 and p.
76
Suppose n + 15 = z, -2*n = -4*n - 6. What is the greatest common divisor of z and 78?
6
Let f(v) = -v**3 + 8*v**2 - 11*v + 12. Let z be (3/12)/(1/24). Let p be f(z). What is the highest common divisor of p and 198?
18
Suppose -5*b = -b + 8. Let k(c) = 95*c**2 - 193*c**2 + 103*c**2. Let x be k(b). What is the greatest common factor of 60 and x?
20
Let d = -2698 + 2703. Suppose 2*v - 110 = -0*v. Calculate the greatest common divisor of v and d.
5
Let f be (-4 + 7)*2*(-2)/(-6). Suppose 4*k - a + 0*a = 27, f*k - 2*a - 6 = 0. What is the greatest common factor of 1 and k?
1
Suppose -2*o = -4*h + 360, 3*o = h - 2*o - 90. Let p = h + -83. What is the highest common factor of 1 and p?
1
Suppose 46*k + 19 - 433 = 0. What is the greatest common divisor of 225 and k?
9
Suppose 2*n - n - 6 = 0. Suppose -5*a - 15 = 0, a = -l + n + 1. What is the highest common factor of l and 70?
10
Suppose 7*a - 40 = 8*a. Let g = -38 - a. Calculate the highest common divisor of g and 16.
2
Let s = 1430 + -1380. What is the highest common divisor of s and 350?
50
Let b be (3/7)/((-11)/(-154)). Calculate the highest common divisor of 150 and b.
6
Let p(r) = 2*r**3 - 14*r**2 + 8*r + 4. Let z be p(7). What is the greatest common factor of z and 160?
20
Let j be -1*4/(16/(-20)). Suppose 3*b + b + 4 = 0, j*b = -m - 8. Let v be (-1)/((6/110)/m). Calculate the highest common divisor of v and 5.
5
Suppose -2*u + 890 = 3*x, -5*x - 404 = -2*u + 470. What is the greatest common divisor of u and 68?
34
Let j be ((-1919)/202)/(-2*2/456). What is the greatest common factor of 57 and j?
57
Suppose -5*a - 22 = -637. Calculate the greatest common divisor of a and 3.
3
Let r be 0/1 + (-323)/(-19). Suppose 0 = -3*z + 2*j + 245 - 84, 0 = j + 4. What is the greatest common divisor of z and r?
17
Let d be 158/(2*(4 + -3)/5). Suppose d + 133 = 4*h. What is the greatest common factor of h and 12?
12
Suppose -20 = 2*o - 6*o. Suppose -18*l + 17*l + o = 0. Calculate the highest common factor of l and 5.
5
Let k = 110 - 109. Calculate the greatest common divisor of 13 and k.
1
Let j(i) = 5*i**2 - 19*i + 70. Let c be j(5). What is the greatest common divisor of c and 75?
25
Suppose 15 = 2*a - n, 1 = 3*n + 10. Suppose 4 = -w - 3*w. Let h(t) = -42*t**3. Let u be h(w). Calculate the highest common factor of u and a.
6
Suppose -3*m + 50 = 2*m. Suppose 5*r - m = 5*c, r - 8*c = -13*c + 2. Calculate the highest common divisor of 2 and r.
2
Suppose -3*p = 11 + 37. Let d = p + -12. Let t be (96/(-28))/(4/d). What is the greatest common factor of 6 and t?
6
Let d(l) = -l**3 + 9*l**2 - 6*l - 7. Let y be d(8). Let c be -3 + (1 - -2)*y. Calculate the highest common divisor of 36 and c.
12
Let l be ((-1)/2)/((-2)/56). Let z be (-7695)/(-225) + (-12)/(-15). What is the greatest common divisor of l and z?
7
Suppose 6*y - 30 = 4*y. Let l(x) = 3*x**2 + 27*x + 2. Let i be l(-9). Suppose 0 = -7*n + i*n + y. Calculate the greatest common factor of n and 3.
3
Let p be -166*(1 - (-3)/(-6)). Let z = p - -91. What is the highest common divisor of z and 16?
8
Let d = -1453 - -3770. Suppose -13 = 18*o - d. Calculate the highest common divisor of 8 and o.
8
Let p = -60 - -81. Calculate the greatest common divisor of 6 and p.
3
Let j(u) = 2*u**2 + 11*u - 17. Let z be j(5). Calculate the highest common factor of z and 11.
11
Suppose -2*l = 1176 - 1194. Let j = 11 + -5. Calculate the highest common divisor of j and l.
3
Let y be ((-2)/(-4))/((-2)/12). Let z(b) = -8*b. Let r be z(y). Suppose -3*j = 6, 4*j = l + 2*j - 7. Calculate the highest common divisor of r and l.
3
Suppose -17*l = -16*l - 190. Let z(j) = -j**2 + 7*j - 5. Let c be z(5). Suppose c*b = -0*b + l. Calculate the highest common divisor of b and 19.
19
Suppose -f + 2*p - 66 = -986, -5*f - 4*p + 4544 = 0. What is the highest common divisor of f and 48?
48
Suppose -82*f + 77*f = -40. Calculate the highest common divisor of 712 and f.
8
Let p(q) be the third derivative of q**4/24 - 5*q**3/6 - 12*q**2. Let w be p(11). What is the greatest common divisor of 18 and w?
6
Let p = 117 + 60. What is the greatest common divisor of 295 and p?
59
Suppose -4*u = 43 - 111. Let c be 158/8 - u/(-68). Calculate the greatest common divisor of c and 140.
20
Let v(i) = -16*i + 96. Let g be v(-15). What is the greatest common divisor of 14 and g?
14
Let h be (-169)/1*720/(-80). What is the highest common divisor of 13 and h?
13
Let x = -157 + 349. Suppose -3*n = -7*n + x. What is the greatest common factor of 12 and n?
12
Suppose 0 = d - 2*g - 128, 5*g - 10*g - 665 = -5*d. Let v = d - 78. What is the highest common divisor of v and 40?
20
Suppose -20*h + 35 = -45. What is the greatest common divisor of 14 and h?
2
Let g be ((-432)/56)/(21/(-196)). Let i be (0 + (1 - -8))/1. Calculate the greatest common factor of g and i.
9
Suppose 5*p - 65 = -5*y, 4*y + 3*p = 34 + 21. Let f be (-45)/20*y/(-3). Calculate the greatest common factor of 32 and f.
4
Suppose 5*p - 9 = 2*d, 0*d + 12 = p + 3*d. What is the greatest common factor of p and 3?
3
Let z be 3/((-12)/10)*-14. Let r(o) = -4*o - 4*o**2 - o + 56*o**3 - 6 - 57*o**3. Let l be r(-4). What is the greatest common factor of z and l?
7
Suppose 41125 = 262*b - 227*b. What is the greatest common factor of b and 47?
47
Let j(b) = b**3 - 27*b**2 - 55*b - 71. Let m be j(29). Calculate the highest common divisor of m and 368.
16
Let d be (12/(-5))/(522/(-12180)). Calculate the highest common factor of d and 1134.
14
Let d = 2084 - 1255. Suppose 0 = 3*v + 5*t + d, -2*v + 3*t - 252 = 288. Let q = 385 + v. Calculate the greatest common factor of q and 14.
14
Suppose 4*k - 5 = -5*u + 12, -4*k + u + 11 = 0. Let g(s) = 9*s - 10. Let o be g(k). Calculate the greatest common divisor of o and 153.
17
Let k(t) = 7*t - 9. Let v be k(4). Let c = -52 - -90. Suppose -g = g - c. Calculate the greatest common divisor of g and v.
19
Let f = 809 + -543. Calculate the highest common factor of f and 76.
38
Let n = 377 + -209. Calculate the greatest common divisor of 96 and n.
24
Let c be ((-800)/(-3) + 4)/(2/3). Calculate the highest common divisor of c and 14.
14
Let b(p) = 37*p - 548. Let u be b(15). Calculate the highest common factor of 1 and u.
1
Suppose 22*f - 19*f - l - 383 = 0, f - 133 = -5*l. Calculate the greatest common divisor of 16 and f.
16
Suppose 1197 = 8*n + 13*n. What is the highest common factor of 304 and n?
19
Suppose -38 = -6*m + 16. Calculate the greatest common factor of 9 and m.
9
Let k(s) be the third derivative of -s**6/120 + s**5/30 - s**4/24 + s**3/6 + 6*s**2. Let p be k(1). Calculate the highest common factor of 1 and p.
1
Let f be (-87)/(-15) - 2/(-10). Suppose -f*q = -28 - 566. Let i be (2 + -6)*(-22)/8. Calculate the greatest common divisor of i and q.
11
Let c be (-3)/1 - (-4 - -1). Let q = c + 27. Let n(y) = 25*y - 96. Let f be n(6). Calculate the greatest common factor of q and f.
27
Let x(l) = 84*l**2 + 6*l + 3. Let n be x(-1). What is the greatest common divisor of 513 and n?
27
Suppose 5*r - 408 = -r. Let d be r/(-85)*(1 - (26 + 0)). Calculate the highest common factor of d and 30.
10
Suppose -162 = -2*z - 0*z. Calculate the highest common factor of 108 and z.
27
Let b = 1280 - 916. What is the greatest common factor of b and 26?
26
Let i(h) = 11*h**2 + 3*h + 14. Let q be i(-3). What is the highest common divisor of q and 65?
13
Let k(x) = -117*x**3 + 2*x**2 - 3*x - 5. Let m be k(-1). What is the greatest common factor of 9 and m?
9
Suppose -2*m = w - 58, 4*w + 3*m + 36 - 2